ded by p.
11
Suppose 4*k + 4*p = 64, 6*k - k + 2*p = 89. Suppose -26 = -4*l + 3*h - 4, -h + 2 = 0. Let i = 14 - l. Calculate the remainder when k is divided by i.
5
Let o(c) = -c**3 - 7*c**2 - 6*c + 1. Let p be o(-6). Suppose -2*x + 7 = -p. Let r = 14 - 3. Calculate the remainder when r is divided by x.
3
Suppose 0 = -5*i + 5*v + 125, 55 = 4*i - 5*v - 41. Calculate the remainder when i is divided by 4 - 2 - (-3)/((-3)/(-13)).
14
Suppose 4*t - 157 = -5*u, 0 = -5*t - 5*u + 2*u + 193. Suppose 4*w + 0*w - 52 = 0. Calculate the remainder when t is divided by w.
12
Let j be (5/(-2))/((-2)/(-4)). Let w(l) = l + 11. Let b = 26 - 15. What is the remainder when b is divided by w(j)?
5
What is the remainder when (-5)/4 + (-609)/(-4) is divided by 38?
37
Let q = 4 + 10. Let u(s) = -s**2 - s + 8. What is the remainder when q is divided by u(0)?
6
Suppose 0 = 2*a - 3 - 7. What is the remainder when 18 is divided by (-2)/(-10) + 49/a?
8
Let d = 76 + 1. Suppose 2*n - d - 2 = -3*u, u + 4*n - 43 = 0. Calculate the remainder when u is divided by 12.
11
Suppose 0 = 2*c - 18 + 2. Suppose 3*f + f - 26 = -5*v, f = -2*v + c. What is the remainder when v is divided by 1?
0
Let m be 12/21*(-21)/(-6). What is the remainder when 415/20 - m/(-8) is divided by 11?
10
Calculate the remainder when 21/(-6)*240/(-84) is divided by 6.
4
Let a(o) = -7*o - 6. Calculate the remainder when a(-4) is divided by 8.
6
Suppose 5*m = 2*m + c + 1573, 3*m + c - 1583 = 0. Calculate the remainder when m is divided by 48.
46
Suppose -4*r + 35 = -17. What is the remainder when -2 + 26/(-3)*-3 is divided by r?
11
Let r = 31 + -25. Suppose 36 + 14 = 5*y. What is the remainder when y is divided by r?
4
Calculate the remainder when 41 is divided by (1/1)/((-9)/(-126)).
13
Suppose -3*z + 2*z = 2*t - 244, -2*z = 0. What is the remainder when t is divided by 31?
29
Suppose 5 + 5 = -5*z. Let n(t) = -6*t + 11*t + 1 - 7*t. What is the remainder when 8 is divided by n(z)?
3
Let q(d) = -d**3 - 19*d**2 - 3*d - 12. Let c be q(-18). Let f = -14 - -26. What is the remainder when (-3)/f - c/8 is divided by 12?
11
Let s(v) = 4*v**2 - 6*v. Let p be s(-6). Let t be (3/4)/(3/p). Calculate the remainder when 34 is divided by (-15)/(-20) + t/4.
10
Let d(c) = c**2 - 18*c + 20. Calculate the remainder when d(17) is divided by 1.
0
Suppose -5*v - 40 = -5*c, 2*c - c - 5*v = 8. Suppose -r + 6 = -8. What is the remainder when r is divided by c?
6
Let k(q) = -3*q**3 - 4*q**2 - 5*q - 4. Calculate the remainder when k(-2) is divided by 3.
2
Let u be 18/(-5)*5/(-2). Suppose u = -6*q + 7*q. What is the remainder when q is divided by 7?
2
Suppose 0 = -4*w + 36 + 48. What is the remainder when -1*2/4*(-5 - 77) is divided by w?
20
Let g(h) = h + 9. Let p be g(0). Calculate the remainder when (-2)/p + 465/27 is divided by 6.
5
Suppose 6*p - 2*p = 2*h + 32, 3*p - 3*h - 30 = 0. Suppose -2*f + 36 - 4 = 0. Calculate the remainder when f is divided by p.
4
Suppose 4*a - 7 - 76 = 5*i, 0 = -5*i + 25. What is the remainder when 79 is divided by a?
25
Suppose -6 + 0 = -2*f. Suppose 0 = f*a + 5*h + 24 - 100, 3*a - 61 = -2*h. Suppose 4*d - 150 = d. Calculate the remainder when d is divided by a.
16
Suppose 3*a + 69 = 8*a - 3*k, 2*k - 4 = 0. Calculate the remainder when 42 is divided by a.
12
Let r = -5 - -7. Suppose m + 3*m = 12. Calculate the remainder when 1*r + 4 + -2 is divided by m.
1
Suppose y + 0*y - 22 = 0. Suppose 0 = 5*w + 3*d - 221, 3*w - 135 = 4*d - 5*d. Calculate the remainder when w is divided by y/99 - 142/(-9).
14
Suppose 14 - 44 = -5*w. Let o(u) = u**2 - 4*u + 6. Let i be (-8 + 3)*(0 + -1). What is the remainder when o(i) is divided by w?
5
Let r(u) = 6*u**3 + 2*u**2 - 4*u + 3. What is the remainder when r(2) is divided by 13?
12
Let q(k) = k**2 + 27. What is the remainder when q(0) is divided by ((-28)/(-6))/(8/12)?
6
What is the remainder when (-36)/(-15) - (-4)/(-10) is divided by 20/12 + (-2)/(-6)?
0
Let i be ((-6)/9)/((-4)/18). Suppose 0 = i*l - 55 - 44. What is the remainder when l is divided by 12?
9
Suppose -4*t + 29 = f, t + 3 = -4*f - 1. Calculate the remainder when 37 is divided by t.
5
Suppose 0 = 4*p - a - a - 16, -6 = -p + a. What is the remainder when 56 is divided by p - 34*4/(-8)?
18
Suppose 0*m - 3*x = -m + 18, -4*m = -4*x - 48. Suppose 0 = -y + 2*y - 15. Suppose -y = -f + 2. Calculate the remainder when f is divided by m.
8
Suppose -14 = -4*j - 2. Suppose -4*w + q = -133, w - 4*q - 25 = 27. Suppose -w = -j*c + c. What is the remainder when 31 is divided by c?
15
Let l(k) = 2*k**3 + k - 1. Suppose 2*c = -4*c - 36. What is the remainder when c/24 + (-26)/(-8) is divided by l(1)?
1
What is the remainder when (404/10)/((-2)/(-5)) is divided by 13?
10
Suppose 8*n - 3*n - 45 = 0. Suppose 4*d + n = d. Let c(u) = u**3 + 4*u**2 - 3. What is the remainder when c(d) is divided by 4?
2
Let v = 63 + -33. Calculate the remainder when 89 is divided by v.
29
What is the remainder when 28 is divided by (3/2)/(3/20)?
8
Suppose 4*w - 178 = -58. Calculate the remainder when w is divided by 11.
8
Suppose 4*r - z = -0*r + 20, 5*z = -5*r. Let m(s) = -s**2 + 4*s + 2. What is the remainder when r is divided by m(0)?
0
Let j be 1 + (3 - (3 + -3)). Let s = -3 + j. What is the remainder when 1 is divided by s?
0
Suppose 1 = -3*j + 19. Suppose -j*u = -3*u - 69. What is the remainder when 43 is divided by u?
20
Suppose 3*a = 52 + 8. What is the remainder when 97 is divided by a?
17
Let l(n) = n**2 + 2. Let x be l(0). Let k(c) = 2*c**2 + 6*c + 5. What is the remainder when (-72)/(x*(-9)/12) is divided by k(-5)?
23
Suppose 80 = q + 3*q. What is the remainder when ((-8)/q)/((-1)/25) is divided by 4?
2
Let p(f) = f**2 - 5*f. Let v be p(5). Let d(g) = -12*g + 4. Let k be d(-4). Suppose v = 4*o - 56 - k. Calculate the remainder when o is divided by 14.
13
Calculate the remainder when 19 - 1*(1 + 0) is divided by 4.
2
Let m(z) be the first derivative of 12*z**3 + z**2/2 - 1. Let k = -3 + 15. Calculate the remainder when m(-1) is divided by k.
11
Let q = -121 + 131. Let d = -2 + 2. Suppose d = n + n - 58. Calculate the remainder when n is divided by q.
9
Let z be 1/((-1)/(-5) - 0). Suppose -3*c = r - 6*c - 33, -z*r - 2*c = -182. What is the remainder when r is divided by 13?
10
Let b(n) = -3*n + 2. Let o be b(-12). Suppose -j + 2*k = -2*k - 22, 5*j + 4*k - o = 0. What is the remainder when 27 is divided by j?
7
Let r(l) = l**2 - l - 5. Suppose o - 2*k - 2 = 11, -5*o = -4*k - 65. Calculate the remainder when o is divided by r(4).
6
Let m(j) = -j**2 - 8*j - 9. Let u be m(-6). Suppose -57 + 12 = -u*o. What is the remainder when 59 is divided by o?
14
Suppose 3*k + 3*x - 9 = 0, -2*x = 2*k + 3*x - 21. Calculate the remainder when 27 is divided by k/4*(-23 - -9).
6
Let k be 12/((-6)/63*3). Let h = -23 - k. Calculate the remainder when 75 is divided by h.
18
Suppose -5*n = 3*d - 40 - 25, -5*d + n + 71 = 0. Let r(q) = -q - 1. Let c be r(-6). Suppose -c*g - 32 + 172 = 0. What is the remainder when g is divided by d?
13
Suppose -y - 2*y - 3*x + 3 = 0, 2*y = -x + 4. Calculate the remainder when 8 is divided by y.
2
Let v(h) = h - 3. Let d be v(8). Let g = 8 + d. What is the remainder when 38 is divided by g?
12
Let u(t) be the third derivative of -t**6/120 - t**5/60 + t**3/6 - 2*t**2. Calculate the remainder when u(-4) is divided by 2/4 - (-33)/2.
15
Let z be (16/4 - 3) + 8. What is the remainder when 16 is divided by 0*2/6 + z?
7
Let w be 1 + (3 - 18*2). Let k be (-4)/(-6) + w/12. What is the remainder when 45 is divided by 2 + 19 - k/1?
22
Suppose -2*n = -5*a + 2*n + 319, -3*n - 55 = -a. What is the remainder when a is divided by 25?
17
Let u be (-9)/(-6)*(-1 + -1). Let y = 1 - u. What is the remainder when 12 is divided by 26/y + (-2)/(-4)?
5
What is the remainder when 42*(-4)/(8/(-1)) is divided by 11?
10
Let h(j) be the first derivative of -j**2/2 - 4*j + 5. Let t(i) = i**3 + 3*i**2 + 3*i + 1. Let x be t(-3). Calculate the remainder when h(x) is divided by 2.
0
Suppose 3*u - 50 - 36 = 5*v, -4*v = u - 6. What is the remainder when 64 + 0*1*-1 is divided by u?
20
Suppose -5 + 97 = 4*v. Calculate the remainder when 89 is divided by v.
20
Let k(p) = -p**2 + 8*p + 9. Calculate the remainder when 61 is divided by k(7).
13
What is the remainder when (